 493859410 is divided by 804?
802
Calculate the remainder when 196913 is divided by 65275.
1088
Calculate the remainder when 293027 is divided by 106.
43
Calculate the remainder when 8862578 is divided by 11.
10
What is the remainder when 272196 is divided by 1025?
571
Calculate the remainder when 30266465 is divided by 5816.
1
What is the remainder when 115520 is divided by 16448?
384
Calculate the remainder when 121468784 is divided by 649.
646
Calculate the remainder when 150573 is divided by 14542.
5153
Calculate the remainder when 73854216 is divided by 529.
526
What is the remainder when 3354566 is divided by 19387?
615
What is the remainder when 1308705 is divided by 259?
237
Calculate the remainder when 408193705 is divided by 52.
49
What is the remainder when 39200794 is divided by 2514?
2506
What is the remainder when 1412327 is divided by 4386?
35
What is the remainder when 1387471 is divided by 19?
15
What is the remainder when 301565 is divided by 3508?
3385
What is the remainder when 417983 is divided by 5887?
6
Calculate the remainder when 15888 is divided by 848.
624
What is the remainder when 4874634 is divided by 974918?
44
Calculate the remainder when 1739487 is divided by 2748.
3
Calculate the remainder when 840833 is divided by 167.
155
Calculate the remainder when 11168 is divided by 10760.
408
Calculate the remainder when 6326094 is divided by 35.
19
What is the remainder when 13973957 is divided by 398?
177
Calculate the remainder when 44060779 is divided by 14686918.
25
What is the remainder when 6418597 is divided by 50?
47
What is the remainder when 1528998 is divided by 42472?
6
Calculate the remainder when 9778654 is divided by 11.
6
What is the remainder when 155067 is divided by 50878?
2433
Calculate the remainder when 1075999 is divided by 537986.
27
What is the remainder when 2923965 is divided by 5212?
33
What is the remainder when 243952668 is divided by 10?
8
What is the remainder when 41454381 is divided by 20727183?
15
Calculate the remainder when 581247066 is divided by 2969.
2967
What is the remainder when 6318710 is divided by 23?
12
What is the remainder when 644123 is divided by 5854?
183
Calculate the remainder when 521369 is divided by 99.
35
Calculate the remainder when 484491 is divided by 909.
903
What is the remainder when 4499 is divided by 4465?
34
Calculate the remainder when 5610286 is divided by 1870083.
37
What is the remainder when 622918221 is divided by 531?
528
Calculate the remainder when 689513378 is divided by 6091.
6087
What is the remainder when 6954941 is divided by 4004?
3997
Calculate the remainder when 6027938 is divided by 53.
36
Calculate the remainder when 398525 is divided by 199187.
151
Calculate the remainder when 1416802 is divided by 12319.
117
What is the remainder when 1727063 is divided by 215?
183
What is the remainder when 1008144 is divided by 408?
384
What is the remainder when 2388703 is divided by 162?
13
What is the remainder when 16901883 is divided by 1877985?
18
Calculate the remainder when 157525 is divided by 358.
5
Calculate the remainder when 2976555 is divided by 258.
9
Calculate the remainder when 107813 is divided by 2246.
5
What is the remainder when 628082465 is divided by 76?
73
Calculate the remainder when 332721681 is divided by 1291.
1288
Calculate the remainder when 927645 is divided by 208.
173
What is the remainder when 330258 is divided by 23589?
12
Calculate the remainder when 513012 is divided by 788.
24
What is the remainder when 170301 is divided by 895?
251
What is the remainder when 849375 is divided by 3725?
75
What is the remainder when 67290396 is divided by 363?
360
Calculate the remainder when 40583526 is divided by 33.
27
What is the remainder when 2748978 is divided by 1374466?
46
What is the remainder when 820986 is divided by 410492?
2
Calculate the remainder when 3736605 is divided by 136.
5
What is the remainder when 404763 is divided by 404617?
146
What is the remainder when 27672 is divided by 6551?
1468
What is the remainder when 1423496 is divided by 949?
945
What is the remainder when 2764751 is divided by 921560?
71
Calculate the remainder when 817862 is divided by 7789.
17
What is the remainder when 85333 is divided by 78898?
6435
What is the remainder when 11674928 is divided by 16490?
8
What is the remainder when 4458 is divided by 2200?
58
Calculate the remainder when 323799 is divided by 2532.
2235
What is the remainder when 155455 is divided by 46602?
15649
What is the remainder when 100690 is divided by 2865?
415
Calculate the remainder when 3180372 is divided by 1060114.
30
Calculate the remainder when 9448 is divided by 9282.
166
Calculate the remainder when 8100944 is divided by 143.
137
Calculate the remainder when 11763005 is divided by 38.
29
Calculate the remainder when 138112 is divided by 3209.
125
What is the remainder when 296353 is divided by 118?
55
Calculate the remainder when 503859 is divided by 2799.
39
Calculate the remainder when 368742 is divided by 3521.
2558
What is the remainder when 614713 is divided by 254?
33
What is the remainder when 62784789 is divided by 2872?
2869
Calculate the remainder when 975585 is divided by 24389.
25
Calculate the remainder when 14930 is divided by 14461.
469
Calculate the remainder when 206816 is divided by 1072.
992
What is the remainder when 18995470 is divided by 2151?
2140
Calculate the remainder when 58973805 is divided by 16.
13
Calculate the remainder when 10007154 is divided by 5292.
5274
What is the remainder when 97242646 is divided by 1553?
1551
Calculate the remainder when 186764 is divided by 31115.
74
Calculate the remainder when 41126649 is divided by 1048.
1033
Calculate the remainder when 1326658 is divided by 21372.
1594
Calculate the remainder when 17379638 is divided by 143633.
45
What is the remainder when 4909326 is divided by 6809?
37
Calculate the remainder when 132636 is divided by 44117.
285
Calculate the remainder when 120311 is divided by 4132.
483
Calculate the remainder when 2160216 is divided by 608.
600
What is the remainder when 1107925 is divided by 369096?
637
Calculate the remainder when 4860186 is divided by 24924.
6
What is the remainder when 3819896 is divided by 136424?
24
Calculate the remainder when 8824537 is divided by 4412262.
13
Calculate the remainder when 11545971 is divided by 5772971.
29
Calculate the remainder when 72506 is divided by 1369.
1318
Calculate the remainder when 139803687 is divided by 925852.
35
Calculate the remainder when 6029557 is divided by 46027.
20
What is the remainder when 294831576 is divided by 7?
4
Calculate the remainder when 685366 is divided by 505.
81
Calculate the remainder when 16140685 is divided by 105.
85
What is the remainder when 87345856 is divided by 11016?
11008
Calculate the remainder when 28359721 is divided by 90.
1
What is the remainder when 210666 is divided by 2393?
82
What is the remainder when 373884 is divided by 3738?
84
Calculate the remainder when 573070 is divided by 47740.
190
What is the remainder when 39477749 is divided by 117844?
9
What is the remainder when 17789236 is divided by 150756?
28
Calculate the remainder when 1307136 is divided by 4736.
0
What is the remainder when 300599 is divided by 808?
23
Calculate the remainder when 7285879 is divided by 2428613.
40
What is the remainder when 2718321 is divided by 135915?
21
What is the remainder when 1454064 is divided by 10028?
4
What is the remainder when 67393393 is divided by 863?
860
Calculate the remainder when 695819 is divided by 7248.
11
What is the remainder when 25051003 is divided by 8350316?
55
What is the remainder when 108545775 is divided by 20?
15
Calculate the remainder when 24052322 is divided by 26.
8
What is the remainder when 84289 is divided by 132?
73
What is the remainder when 8277 is divided by 297?
258
What is the remainder when 14721664 is divided by 73?
46
What is the remainder when 286013 is divided by 34785?
7733
Calculate the remainder when 10990153 is divided by 36.
1
Calculate the remainder when 828697 is divided by 677.
49
What is the remainder when 3273803 is divided by 215?
213
Calculate the remainder when 194170 is divided by 10219.
9
Calculate the remainde